isor of c and 60.
15
Let p be ((-87)/27 - 10/(-45)) + 30. Calculate the highest common divisor of p and 9.
9
Suppose 12 = -2*c + 6*c. Let o(w) = w**3 - w**2 - 4*w - 1. Let h be o(c). Calculate the highest common divisor of 20 and h.
5
Let g be 4/4 + 3 - 1. Let c be (3 + 37)/(g/6). Calculate the greatest common divisor of 32 and c.
16
Let a be (-3)/(-12) - (-15)/4. Suppose -o + 33 = -3*n, 2*n - 84 = -a*o - 2*n. What is the greatest common factor of 8 and o?
8
Suppose 0 = -2*x - 5*z + 3, 4*x + 0*z = -4*z + 12. Calculate the highest common factor of 22 and x.
2
Suppose -j + 60 = 18. Suppose -3*n + 2*n = x - 31, -2*n + 2*x = -j. Calculate the greatest common factor of n and 26.
26
Let s(x) = -3*x + x**2 - 7*x**2 - x**3 + 6 - 2*x. Let w be s(-5). Let p = -8 - -20. Calculate the highest common factor of p and w.
6
Let o = -18 - -35. Let t = o - 7. What is the highest common factor of t and 70?
10
Let u = 3 + -3. Let b be (u - 5)/((-1)/11). Suppose -2*q = -0*q - 10. What is the greatest common divisor of b and q?
5
Suppose 38 + 6 = 4*y. Calculate the greatest common divisor of y and 22.
11
Let m(d) = d + 2. Let t = -2 + -4. Let k = 16 + t. Let y be m(k). What is the greatest common divisor of y and 84?
12
Suppose -2*s = -369 + 59. Calculate the highest common factor of s and 31.
31
Let a be 84/(-16)*-3 + 3/(-4). What is the highest common divisor of a and 240?
15
Let v be -6*(20/(-6) + -1). Let m be (-28 - -2)*10/(-4). What is the greatest common divisor of m and v?
13
Let q(p) = p**2 + p - 9. Let h be q(9). Calculate the greatest common divisor of h and 9.
9
Let c be ((-23)/(-2))/(2/4). Let s(p) = -p**3 + 12*p**2 - 4*p - 8. Let g be s(11). What is the greatest common factor of c and g?
23
Let x = -22 - -49. What is the highest common factor of x and 3?
3
Suppose -3*w = 3*n - 3, 0*n - 5*n - 23 = -2*w. Suppose 21 + 303 = w*h. Calculate the highest common factor of h and 54.
27
Suppose 14 + 53 = 5*o - 3*s, -4*o = -3*s - 56. Calculate the greatest common divisor of o and 77.
11
Suppose -4*v = -4*w - 24, 4*v + 3 = -3*w - 2*w. What is the highest common factor of 6 and v?
3
Suppose 0 = f + 4*f. Suppose -p = -k - 1 - 2, -p - k - 3 = f. Let h(o) = o + 3. Let r be h(p). Calculate the highest common divisor of r and 9.
3
Let l be ((-152)/4)/(3 + -1). Let q be l/(-7) - (-6)/21. Let x(k) = k**2 + 3*k - 6. Let p be x(-6). What is the greatest common divisor of q and p?
3
Let i = 3 - -3. Suppose -i*x = -2*x - 112. Let h(p) = -5*p - 3. Let j be h(-9). Calculate the greatest common factor of j and x.
14
Let f = 37 - 14. Calculate the greatest common divisor of 207 and f.
23
Let f = 8 - 5. Suppose 0 = -f*b - b + 24. Let r = 0 - -6. What is the greatest common divisor of b and r?
6
Let f(w) = 5*w**2 + 4*w - 6. Let c = -2 - -6. Let h be f(c). Calculate the greatest common divisor of 10 and h.
10
Suppose -5*o + 242 = 32. Let h(d) = -d**3 + 5*d**2 - d + 2. Let r be h(4). Let j = r - 0. What is the highest common factor of o and j?
14
Let r = -35 + 98. Calculate the highest common divisor of 9 and r.
9
Suppose 3*r = -4*p + 6, -2*r + 39 = 2*r - 5*p. What is the highest common divisor of r and 15?
3
Let l(o) = -o**3 - 5*o**2 - 2*o + 2. Let x be l(-5). What is the greatest common divisor of 108 and x?
12
Let w be (0 + 2 - 5) + (14 - 3). Calculate the highest common divisor of 88 and w.
8
Suppose -3*m - 3*m = -180. What is the greatest common factor of 30 and m?
30
Suppose 4*l + 5 = 1. Let z be (4 - l)/(-1 - -2). Suppose -104 = -z*k - 4*n + 2, 0 = -3*k - n + 58. What is the highest common factor of 27 and k?
9
Let f(o) = -29*o - 5. Let s be f(9). Let g be s/(-63) - (-2)/(-9). Calculate the greatest common divisor of 20 and g.
4
Suppose 0 = 2*f + 3*f - 25. Suppose 3*j + f*m = 47 + 12, -m + 55 = 3*j. Let l = 34 - j. What is the greatest common divisor of 16 and l?
16
Let m(f) = -f**3 + 20*f**2 - 14*f - 23. Let n be m(19). What is the greatest common factor of n and 18?
18
Let u(k) = k**2 - 3*k + 2. Let x be u(3). Suppose 5*y - 330 = x*y. Suppose -3*i = 0, 0*b - 4*i = -2*b + y. Calculate the highest common factor of b and 11.
11
Let v = -32 - -56. What is the greatest common divisor of v and 6?
6
Let d(c) = -5*c + 15. Let x be d(-6). Let q be (-1 + 0/(-2))*-2. Suppose -p + x = q*p. Calculate the greatest common divisor of 5 and p.
5
Suppose -8*z = -67 - 53. Let s be 23/5 - (-2)/5. Suppose s*o + 0*o - 75 = 0. What is the highest common factor of o and z?
15
Let h(m) = -6*m. Let u be h(-1). Let z = 12 + -4. Let c = 12 - z. Calculate the greatest common divisor of c and u.
2
Let q(m) = 4*m**3 - 2*m**2 + m. Let w be q(2). Let b be (-3)/(-6)*(-5 + -3). Let h be -1 + (-1)/(b/56). Calculate the highest common factor of h and w.
13
Let j(z) = -z - 1. Let a be j(-5). Suppose 2*y + 6 = a*y. Suppose y*q - 66 - 39 = 0. What is the highest common factor of 5 and q?
5
Suppose 3*b - 44 = -4*f, -f - 1 = -6. Let t = -4 + b. What is the highest common factor of t and 10?
2
Suppose u = 2*u - 1. Let x(v) = 100*v**3 - v**2 + v. Let t be x(u). Suppose 2*j = -3*j + t. What is the highest common factor of 5 and j?
5
Let q(x) = -x - 3. Let u be q(-7). Suppose -4*v = 8 - u. Let f = 15 - v. Calculate the greatest common factor of f and 8.
8
Let a be (-3 - -8) + (0 - -1). Suppose p = g + a, -4*p - 3*g - 3 + 48 = 0. Calculate the highest common factor of p and 1.
1
Let m(f) = 5*f + 1. Let d = -8 - -11. Let z be m(d). Calculate the highest common divisor of 40 and z.
8
Let q = 123 - 112. What is the greatest common factor of 11 and q?
11
Suppose -1 = -p + 4*d, 7*p - 3 = 4*p + 4*d. Suppose 4*c - p = 123. Let a = c + 20. What is the highest common divisor of 34 and a?
17
Let b = 5 + -1. Let u be (162/b)/(3/6). Suppose 0 = -4*f - f + 45. Calculate the greatest common factor of u and f.
9
Let a be 2/(1 + 0/(-3)). Suppose -6*h + a*h = -120. Suppose -5*q = -4*q - h. What is the greatest common factor of 15 and q?
15
Suppose -4*r - z + 40 = 2*z, 0 = -4*r - z + 48. Let n = r + 19. What is the greatest common divisor of n and 8?
8
Let p = 172 + -73. Suppose -4*z - g = -97, 119 = 5*z - g + 3*g. Suppose 0 = -5*b + 30 + z. Calculate the greatest common divisor of b and p.
11
Let o(r) = -9*r**3 - 8*r**2 - 5*r - 2. Let m be o(-2). What is the highest common factor of m and 32?
16
Suppose 0 = -7*m + 4*m + 135. What is the highest common factor of m and 9?
9
Let g be (884/(-6))/(4/(-6)). Let m = -147 + 80. Let p = m + g. Calculate the greatest common factor of p and 14.
14
Let x = 4 + -7. Let p be -1*(-2 - (60 - x)). Let a(k) = k**3 - 8*k**2 + 3*k - 11. Let v be a(8). What is the greatest common factor of v and p?
13
Suppose 3*d - 55 - 80 = 0. Suppose -25 = -5*a + 5. Let s be 8/a*(-27)/(-2). Calculate the highest common factor of s and d.
9
Let z be 17/(3/12*4). Suppose 0 = 2*g + 3*b - z, 5*g - b = b + 90. Calculate the highest common factor of g and 128.
16
Let j = 60 + -27. What is the highest common divisor of j and 22?
11
Suppose 20*t = 36 + 244. What is the greatest common factor of 7 and t?
7
Suppose 0 = 5*n - 2*n - a - 8, 3*n - 7 = 2*a. Suppose -n*x - s = -x - 10, -3*x + 9 = 3*s. Calculate the greatest common divisor of 21 and x.
7
Let d(q) = 5*q**2 - q - 2. Let h be d(-2). Suppose w = -w - h. Let z be w/60 - (-26)/12. What is the highest common factor of 18 and z?
2
Suppose -3*j = 2*j + 20. Let m be ((-5)/(-2))/((-2)/j). Suppose 0 = -g - 4*t + 22, -m*g + 3*t + 156 = -0*t. What is the greatest common divisor of g and 6?
6
Let u = -33 - -41. Calculate the highest common divisor of 16 and u.
8
Suppose -5*j + 0*j + 34 = -3*x, 3*j - 6 = -3*x. Let h be 0 + 4/x*-3. Calculate the greatest common factor of 16 and h.
4
Let r = 4 - -11. Suppose -5*i + r = -5. Let s(b) = b + 12. Let w be s(0). What is the highest common factor of w and i?
4
Let m(i) = -17*i**3 - 2*i**2 - 3*i - 2. Let z be m(-1). Calculate the highest common factor of 64 and z.
16
Let f = 34 - 30. Suppose 0*r = 4*w - r - 127, 155 = 5*w - 5*r. Calculate the greatest common divisor of f and w.
4
Let h(u) = 3*u**3 + 2*u**2 - 4*u + 3. Let l be h(3). Calculate the greatest common factor of 18 and l.
18
Suppose -b + 5*b = 156. Suppose -t - 9 - b = 0. Let g be -3 - (-1 + t + 1). Calculate the greatest common divisor of 30 and g.
15
Suppose -18*p - 76 = -418. Calc